s the hundreds digit of o(2)?
1
Suppose -3*v = -6*v. Suppose y + 3*y - 172 = v. What is the tens digit of y?
4
Let h(x) = 5*x - 3. Let j be h(2). Suppose 5*o + j + 4 = -q, -15 = 3*o. What is the units digit of q?
4
Suppose 2*f - 198 = -4*g, -g + 0*g = -5*f + 539. What is the hundreds digit of f?
1
Let b(j) be the third derivative of 0*j + 0 - j**2 - 1/24*j**4 + 5/3*j**3. What is the units digit of b(7)?
3
Let w(k) = k**3 - 3*k**2 - 5*k + 5. What is the units digit of w(4)?
1
Let h(x) = x**3 + 8*x**2 + 5*x - 9. Let d be h(-7). Suppose -5*f = 3*l + 170, -d*f - 126 - 4 = -5*l. Let p = -18 - f. What is the tens digit of p?
1
Let f(y) = -4*y**3 + 2*y**2 + 2*y + 1. What is the units digit of f(-2)?
7
Let n = -5 + 7. Suppose 5*w = 5*s - 5, -n*w + 2 = -s + 2*w. Suppose 40 = 3*l + s*l. What is the units digit of l?
8
Let k = -55 - -91. What is the units digit of k?
6
Suppose -5*h + 2*m + 29 = 75, -h + 4*m = 2. Let k = h - -16. What is the units digit of k?
6
Let c = 31 - 20. Suppose -89 = -5*l + c. What is the units digit of l?
0
Suppose -4*p + 2*p = -6. Suppose -4*f + 2 = -p*f. What is the units digit of f?
2
Let l(c) = c**2 - 10*c + 2. Let r be l(9). Let i(w) = -w**3 - 7*w**2 - w - 1. Let q be i(r). Suppose -q*j + 15 = -3*j. What is the units digit of j?
5
Let q(j) = -6 + 11 + 9 - 2*j. What is the units digit of q(-6)?
6
Suppose 0 = -2*o - 2 - 6. What is the units digit of (-328)/(-18) - o/(-18)?
8
Let h(x) = -15 + 9*x**2 - 15 + x**3 + 12*x + 31 - 2*x**3. Let d be (4/(-3))/((-4)/30). What is the units digit of h(d)?
1
Suppose -10 = -2*i - 0, -821 = -4*s + 3*i. What is the hundreds digit of s?
2
Suppose 10*b = 16*b - 486. What is the tens digit of b?
8
Let u = 36 + -21. Let f = 13 + -6. Let w = u - f. What is the units digit of w?
8
Suppose 26*k - 20*k - 876 = 0. What is the tens digit of k?
4
What is the units digit of 60 + 1/(-2 + 3)?
1
Let n be (114/4)/((-2)/(-4)). Suppose 3*z - a = n, -4*z - a = 8 - 77. What is the units digit of z?
8
Suppose -9 = -s - 4. Suppose s*r = 4*r + 3. Suppose -h = -2 - r. What is the units digit of h?
5
Let a(i) = 23*i - 3. What is the units digit of a(2)?
3
Let l(m) = 2*m**3 - 7*m**2 + 3*m - 5. Let a be l(5). Suppose 0 = o + b - 17, 7*o - a = 2*o - b. Let f = o - 9. What is the units digit of f?
8
Let r = 95 - 18. What is the tens digit of r?
7
Suppose 5*n + 6*w = w + 75, -3*w = 4*n - 63. Let y(j) = j**2 + 5*j - 6. Let v be y(-6). Suppose v = 2*r - n + 6. What is the units digit of r?
6
Let y = -5 + 21. What is the tens digit of y?
1
Suppose -4*r - 29 = -3*f, 4*f - 2*r - 11 = 3*f. Let p(h) = 21*h - 2. Let v be p(2). Suppose 2*l - f*l = -v. What is the units digit of l?
8
Let m(l) = -5*l + 2. Let n be m(-5). Suppose 5*z = 2*z + n. What is the units digit of z?
9
Let z = -342 + 480. What is the units digit of z?
8
Suppose -69 = -p - 4*o, -2*p + 377 = 3*p + 4*o. What is the tens digit of p?
7
Suppose 0 = 3*v - 10 - 5. Suppose z - a = 12, v*a + 13 - 52 = -4*z. What is the units digit of z?
1
Let s(d) = 1. Let z(c) = -5*c + 12. Let q(x) = x. Let b(u) = 4*q(u) + z(u). Let i(n) = b(n) - 5*s(n). What is the units digit of i(6)?
1
Suppose -b + 10 = w + 2, -5*b = -5*w. What is the tens digit of (-720)/(-70) + b/(-14)?
1
Let p = 64 + -22. What is the units digit of p?
2
Let p be (-4 + 2)/(3/(-6)). Suppose -p*x - 4*m + 72 = 0, 4*x + 3*m - 5*m - 72 = 0. What is the units digit of x?
8
Let o = 12 + -6. Let t be 4/o - (-4)/(-6). Suppose c - 3*d - 10 - 7 = t, 0 = 3*d + 15. What is the units digit of c?
2
Suppose -30 - 73 = -4*u - l, 0 = 2*u - l - 59. What is the units digit of u?
7
Let i = -47 + 71. What is the tens digit of i?
2
Suppose 0 = -4*f - 4*n + 36, -4*f - 2*n = -3*f - 11. Suppose f = 2*i + 1. What is the units digit of i?
3
Suppose 2*t = d + t - 6, -17 = -2*d + 3*t. Let g = 8 + d. What is the units digit of g?
9
Let h = 119 - 11. What is the hundreds digit of h?
1
Suppose -5*k = -s - 35, 0 = -s - 3*k - 3 + 8. What is the units digit of (30/(-25))/(3/s)?
4
Let f = 473 + -337. What is the tens digit of f?
3
Let s be 4/12 + 20/(-6). Let u = s + 4. What is the units digit of u?
1
Suppose 0 = 5*b - 54 - 76. Let k = b - 10. What is the tens digit of k?
1
What is the units digit of (-2 - -2)/(-1) + (97 - 2)?
5
Suppose -3*b = -6*b + 75. What is the tens digit of b?
2
Let p(q) = -2*q**3 - 15*q**2 - 9*q + 1. What is the units digit of p(-7)?
5
Suppose 3*o + 24 = o. Suppose 5*l + 131 - 31 = 0. Let h = o - l. What is the units digit of h?
8
Suppose -5*k - 10 = -t, 0 = 3*t + 3*k - 4*k - 2. Suppose -2*w + 2*i - 14 + 56 = 0, 5*i + 10 = t. What is the tens digit of w?
1
Let f(p) = -p**3 - 4*p**2 + 3*p - 6. Let g be f(-5). Suppose -53 = -3*l - 2*u, 2*l - 2*u = g + 28. What is the tens digit of l?
1
What is the units digit of -1*2/(10/(-75))?
5
Let o be -4 + (-2 - 6/(-3)). Let s = 7 + o. Let f = s + -2. What is the units digit of f?
1
Let n = -47 + 121. What is the tens digit of n?
7
Let s be 1/4 - 110/(-8). What is the units digit of (-4)/s + (-214)/(-14)?
5
Let v be (20/30)/((-4)/(-18)). Suppose -2*c + 4*c + 4*b - 78 = 0, 3*b = v*c - 117. What is the tens digit of c?
3
Suppose 5*i - 55 = 5*d, 44 + 5 = 5*i - 2*d. Suppose 21 = 3*c + 2*n - i, 2*c - 7 = 3*n. What is the units digit of c?
8
Let a(c) = -c**3 - 7*c**2 + 10. Let w be a(-8). Suppose -4*j + 26 = w. Let r = 25 + j. What is the units digit of r?
3
What is the units digit of (20/(-50))/((-1)/20)?
8
Let b = -5 - -8. Suppose -b*z = -2*n + 18, -2*n + 13 + 1 = -z. What is the units digit of n?
6
Let b = -127 + 212. What is the tens digit of b?
8
Suppose 3*o + 31 = b, 2*b + 5*o - o - 32 = 0. What is the units digit of b?
2
Suppose 5*t + 5 = -0. Let y = 1 - t. What is the units digit of ((-3)/(-6))/(y/4)?
1
Let b(x) = 33*x - 24. What is the tens digit of b(4)?
0
Let v = -3 - 1. Let y be (192/(-18))/(v/30). What is the units digit of 4/14 + y/14?
6
Let w(u) = -u**3 - 4*u**2 - 3*u + 4. Let q be w(-3). Suppose -q + 0 = -4*m. Suppose 0 = -3*t - s - m, 0*t + 3 = -t - s. What is the units digit of t?
1
Let v(q) = q**2 + 6*q + 4. Suppose 4*o = 4*s - 8, 3*o = 5*o - 5*s + 10. Suppose 2*p - 4 - 6 = 0, o = 3*u - p + 23. What is the units digit of v(u)?
4
Suppose -809 = -5*j + 71. What is the hundreds digit of j?
1
Let c(g) = -1 + 6 - 2*g - g**2 - 3 + 12*g. Let p be c(10). Suppose 0*h - p*h + 5*n = 0, -3*h - 2*n = -38. What is the tens digit of h?
1
Let b = -33 - -19. Suppose 2*h + 6 = 0, -5*h = -d + 3*d + 9. What is the units digit of -1 - (1 + d + b)?
9
Let x be -2*(-3)/6*1. Let d be (-7 + x)/((-15)/10). Suppose k - 17 = -3*r, -3*k + 0*r = d*r - 46. What is the tens digit of k?
1
Let l(d) = d**2 + 13*d + 36. What is the units digit of l(-16)?
4
Suppose 0 = -5*q + 2*v - 4*v - 73, 4*q + v + 56 = 0. Let t = 46 + q. Suppose 3*k = t - 12. What is the units digit of k?
7
Let m be (-1 + (-9)/(-6))*116. Suppose h + m = 3*t, -4*t - 4*h + 9*h + 92 = 0. Let j = t + -10. What is the units digit of j?
8
Suppose 5*i - 2*i + 5*a + 9 = 0, -25 = -5*i + 5*a. Let j = i - 0. Suppose 1 = -j*q + 5. What is the units digit of q?
2
Suppose 5*l = -4*h + 391, 0 = 3*l - 2*l + h - 78. What is the units digit of l?
9
Suppose -15 = -6*l + 3*l. Suppose 4*g + 3*x - 8 = -x, 0 = 5*g - l*x - 60. What is the units digit of g?
7
Suppose 4*a - 7 = 9. Suppose -f = 3*d - 15, 2*d + 80 = 4*f + a*d. What is the units digit of f?
1
Suppose 0 = 4*u - 2*t - 118, 0 = u - t - 3*t - 12. What is the units digit of u/3 - 12/(-36)?
1
Let f be -1 - -7 - (-21)/(-7). Let s = -4 - f. Let c(z) = z**3 + 7*z**2 + 1. What is the units digit of c(s)?
1
Let b = -4 + 32. What is the tens digit of b?
2
What is the tens digit of (-5)/(-2)*1/((-15)/(-486))?
8
Suppose 5*h = 2 + 3. Suppose -h - 5 = -2*x. What is the units digit of x?
3
Suppose -5*f + 265 = 4*w, 4*f - 140 = 3*w - 5*w. What is the units digit of w?
0
Let c = -102 + 193. What is the tens digit of c?
9
Let n(k) = k + 2*k - 3 - 1. What is the tens digit of n(6)?
1
Suppose -5*n + 8 = -6*n. Let g(a) = a**3 + 7*a**2 - 11*a. What is the units digit of g(n)?
4
Let g = 5 - -2. What is the units digit of g?
7
Suppose -2*o - 3*y + 217 = -8*y, -5*o + 5*y = -505. Suppose 0 = 4*m - 0*m - o. Suppose -5*a + m = -21. What is the units digit of a?
9
Let f(i) = 2*i + 2. Let l be f(-2). Let d be l - (1 - 18/3). Suppose 